{"id":1013,"date":"2021-03-05T16:14:01","date_gmt":"2021-03-05T15:14:01","guid":{"rendered":"http:\/\/sovidarmonia.com\/?post_type=product&#038;p=1013"},"modified":"2025-04-13T11:28:03","modified_gmt":"2025-04-13T09:28:03","slug":"bracelet-7-chakras-heart-protection","status":"publish","type":"product","link":"https:\/\/sovidarmonia.com\/index.php\/produit\/bracelet-7-chakras-heart-protection\/","title":{"rendered":"Bracelet \u00ab\u00a07 chakras Heart protection\u00a0\u00bb"},"content":{"rendered":"<p>Equilibre du corps et de l&rsquo;esprit.<\/p>\n<p>Chaque pierre correspond \u00e0 un chakra : &#8211; rouge pour le chakra racine &#8211; orange pour le chakra sacr\u00e9 &#8211; jaune pour le chakra solaire &#8211; vert pour le chakra du c\u0153ur &#8211; bleu pour le chakra de la gorge &#8211; indigo pour le chakra du 3e oeil &#8211; violet pour le chakra couronne<\/p>\n<p>*** Cornaline, jade orange, \u0153il de tigre jaune, aventurine, turquoise, lapis lazuli, am\u00e9thyste et obsidienne ***<\/p>\n<p>Taille M<\/p>\n<p>Prix : 18\u20ac<\/p>\n","protected":false},"excerpt":{"rendered":"<p>Equilibre du corps et de l&rsquo;esprit. Chaque pierre correspond \u00e0 un chakra : &#8211; rouge pour le chakra racine &#8211; orange pour le chakra sacr\u00e9 &#8211; jaune pour le chakra solaire &#8211; vert pour le chakra du c\u0153ur &#8211; bleu pour le chakra de la gorge &#8211; indigo pour le chakra du 3e oeil &#8211; &hellip; <\/p>\n","protected":false},"featured_media":1015,"comment_status":"open","ping_status":"closed","template":"","meta":{"_monsterinsights_skip_tracking":false,"_monsterinsights_sitenote_active":false,"_monsterinsights_sitenote_note":"","_monsterinsights_sitenote_category":0},"product_cat":[57],"product_tag":[],"aioseo_notices":[],"_links":{"self":[{"href":"https:\/\/sovidarmonia.com\/index.php\/wp-json\/wp\/v2\/product\/1013"}],"collection":[{"href":"https:\/\/sovidarmonia.com\/index.php\/wp-json\/wp\/v2\/product"}],"about":[{"href":"https:\/\/sovidarmonia.com\/index.php\/wp-json\/wp\/v2\/types\/product"}],"replies":[{"embeddable":true,"href":"https:\/\/sovidarmonia.com\/index.php\/wp-json\/wp\/v2\/comments?post=1013"}],"wp:featuredmedia":[{"embeddable":true,"href":"https:\/\/sovidarmonia.com\/index.php\/wp-json\/wp\/v2\/media\/1015"}],"wp:attachment":[{"href":"https:\/\/sovidarmonia.com\/index.php\/wp-json\/wp\/v2\/media?parent=1013"}],"wp:term":[{"taxonomy":"product_cat","embeddable":true,"href":"https:\/\/sovidarmonia.com\/index.php\/wp-json\/wp\/v2\/product_cat?post=1013"},{"taxonomy":"product_tag","embeddable":true,"href":"https:\/\/sovidarmonia.com\/index.php\/wp-json\/wp\/v2\/product_tag?post=1013"}],"curies":[{"name":"wp","href":"https:\/\/api.w.org\/{rel}","templated":true}]}}