{"id":1028,"date":"2021-03-05T16:58:42","date_gmt":"2021-03-05T15:58:42","guid":{"rendered":"http:\/\/sovidarmonia.com\/?post_type=product&#038;p=1028"},"modified":"2022-07-04T06:58:09","modified_gmt":"2022-07-04T04:58:09","slug":"bracelet-ancrage-et-regeneration","status":"publish","type":"product","link":"https:\/\/sovidarmonia.com\/index.php\/produit\/bracelet-ancrage-et-regeneration\/","title":{"rendered":"Bracelet \u00ab\u00a0Ancrage et r\u00e9g\u00e9n\u00e9ration\u00a0\u00bb"},"content":{"rendered":"<p>Revitalise les \u00e9nergies du corps physique et favorise la r\u00e9alisation de projets.<\/p>\n<p><em>Jaspe rouge, Grenat. <\/em><\/p>\n<p>Taille L<\/p>\n<p>Prix: 18\u20ac<\/p>\n","protected":false},"excerpt":{"rendered":"<p>Revitalise les \u00e9nergies du corps physique et favorise la r\u00e9alisation de projets. Jaspe rouge, Grenat. Taille L Prix: 18\u20ac<\/p>\n","protected":false},"featured_media":1029,"comment_status":"open","ping_status":"closed","template":"","meta":{"_monsterinsights_skip_tracking":false,"_monsterinsights_sitenote_active":false,"_monsterinsights_sitenote_note":"","_monsterinsights_sitenote_category":0},"product_cat":[57],"product_tag":[],"aioseo_notices":[],"_links":{"self":[{"href":"https:\/\/sovidarmonia.com\/index.php\/wp-json\/wp\/v2\/product\/1028"}],"collection":[{"href":"https:\/\/sovidarmonia.com\/index.php\/wp-json\/wp\/v2\/product"}],"about":[{"href":"https:\/\/sovidarmonia.com\/index.php\/wp-json\/wp\/v2\/types\/product"}],"replies":[{"embeddable":true,"href":"https:\/\/sovidarmonia.com\/index.php\/wp-json\/wp\/v2\/comments?post=1028"}],"wp:featuredmedia":[{"embeddable":true,"href":"https:\/\/sovidarmonia.com\/index.php\/wp-json\/wp\/v2\/media\/1029"}],"wp:attachment":[{"href":"https:\/\/sovidarmonia.com\/index.php\/wp-json\/wp\/v2\/media?parent=1028"}],"wp:term":[{"taxonomy":"product_cat","embeddable":true,"href":"https:\/\/sovidarmonia.com\/index.php\/wp-json\/wp\/v2\/product_cat?post=1028"},{"taxonomy":"product_tag","embeddable":true,"href":"https:\/\/sovidarmonia.com\/index.php\/wp-json\/wp\/v2\/product_tag?post=1028"}],"curies":[{"name":"wp","href":"https:\/\/api.w.org\/{rel}","templated":true}]}}